f 7633?
7
What is the thousands digit of 8358?
8
What is the units digit of 7741?
1
What is the thousands digit of 1868?
1
What is the units digit of 12795?
5
What is the units digit of 46300?
0
What is the hundreds digit of 1119?
1
What is the tens digit of 425?
2
What is the tens digit of 24039?
3
What is the thousands digit of 14478?
4
What is the hundreds digit of 751?
7
What is the tens digit of 14805?
0
What is the tens digit of 26960?
6
What is the hundreds digit of 21611?
6
What is the hundreds digit of 312?
3
What is the units digit of 959?
9
What is the units digit of 3669?
9
What is the hundreds digit of 27746?
7
What is the hundreds digit of 30545?
5
What is the tens digit of 10509?
0
What is the units digit of 1944?
4
What is the units digit of 1060?
0
What is the units digit of 67442?
2
What is the tens digit of 718?
1
What is the hundreds digit of 5411?
4
What is the ten thousands digit of 109323?
0
What is the thousands digit of 10459?
0
What is the units digit of 1282?
2
What is the units digit of 49767?
7
What is the thousands digit of 8603?
8
What is the hundreds digit of 2461?
4
What is the ten thousands digit of 11143?
1
What is the units digit of 8492?
2
What is the hundreds digit of 1930?
9
What is the thousands digit of 1527?
1
What is the thousands digit of 60348?
0
What is the units digit of 838?
8
What is the tens digit of 1524?
2
What is the tens digit of 3091?
9
What is the hundreds digit of 4520?
5
What is the tens digit of 54235?
3
What is the hundreds digit of 4821?
8
What is the tens digit of 20194?
9
What is the units digit of 50151?
1
What is the hundreds digit of 1704?
7
What is the ten thousands digit of 107767?
0
What is the ten thousands digit of 14500?
1
What is the ten thousands digit of 122376?
2
What is the tens digit of 2247?
4
What is the units digit of 236?
6
What is the thousands digit of 93158?
3
What is the tens digit of 1533?
3
What is the tens digit of 54588?
8
What is the hundreds digit of 1088?
0
What is the units digit of 14543?
3
What is the tens digit of 4872?
7
What is the units digit of 809?
9
What is the ten thousands digit of 41303?
4
What is the hundreds digit of 67301?
3
What is the units digit of 9420?
0
What is the ten thousands digit of 45693?
4
What is the units digit of 6840?
0
What is the hundreds digit of 38377?
3
What is the units digit of 3446?
6
What is the units digit of 135950?
0
What is the hundreds digit of 12051?
0
What is the hundreds digit of 10707?
7
What is the units digit of 924?
4
What is the units digit of 1073?
3
What is the tens digit of 4351?
5
What is the tens digit of 14767?
6
What is the hundreds digit of 52738?
7
What is the hundreds digit of 164233?
2
What is the tens digit of 481?
8
What is the units digit of 4239?
9
What is the tens digit of 25216?
1
What is the ten thousands digit of 86004?
8
What is the tens digit of 5160?
6
What is the ten thousands digit of 44784?
4
What is the units digit of 8696?
6
What is the units digit of 61?
1
What is the hundreds digit of 25828?
8
What is the hundred thousands digit of 118031?
1
What is the thousands digit of 4130?
4
What is the units digit of 888?
8
What is the tens digit of 268?
6
What is the units digit of 12577?
7
What is the tens digit of 26562?
6
What is the tens digit of 24198?
9
What is the thousands digit of 7844?
7
What is the thousands digit of 86556?
6
What is the thousands digit of 58171?
8
What is the tens digit of 548?
4
What is the units digit of 2478?
8
What is the hundreds digit of 2814?
8
What is the hundreds digit of 5055?
0
What is the tens digit of 703?
0
What is the thousands digit of 51491?
1
What is the thousands digit of 8503?
8
What is the hundreds digit of 2064?
0
What is the units digit of 76247?
7
What is the hundreds digit of 10828?
8
What is the hundreds digit of 944?
9
What is the hundreds digit of 8349?
3
What is the tens digit of 77995?
9
What is the thousands digit of 1891?
1
What is the tens digit of 364?
6
What is the units digit of 881?
1
What is the units digit of 16037?
7
What is the thousands digit of 1648?
1
What is the tens digit of 44219?
1
What is the units digit of 2101?
1
What is the ten thousands digit of 89414?
8
What is the tens digit of 537?
3
What is the thousands digit of 1782?
1
What is the units digit of 5590?
0
What is the hundreds digit of 20296?
2
What is the thousands digit of 6954?
6
What is the ten thousands digit of 45516?
4
What is the tens digit of 1484?
8
What is the tens digit of 921?
2
What is the units digit of 2215?
5
What is the thousands digit of 19841?
9
What is the hundreds digit of 6471?
4
What is the tens digit of 1275?
7
What is the hundreds digit of 2778?
7
What is the hundreds digit of 1774?
7
What is the tens digit of 14110?
1
What is the hundreds digit of 37385?
3
What is the thousands digit of 7097?
7
What is the thousands digit of 16701?
6
What is the thousands digit of 50179?
0
What is the ten thousands digit of 26096?
2
What is the units digit of 779?
9
What is the units digit of 12840?
0
What is the hundreds digit of 201?
2
What is the hundreds digit of 174677?
6
What is the units digit of 188004?
4
What is the hundreds digit of 1292?
2
What is the hundreds digit of 149?
1
What is the thousands digit of 3610?
3
What is the tens digit of 5726?
2
What is the units digit of 3128?
8
What is the thousands digit of 1131?
1
What is the hundreds digit of 43896?
8
What is the hundreds digit of 1621?
6
What is the thousands digit of 35477?
5
What is the thousands digit of 1446?
1
What is the units digit of 26?
6
What is the units digit of 1158?
8
What is the ten thousands digit of 51064?
5
What is the hundreds digit of 240?
2
What is the hundreds digit of 200?
2
What is the thousands digit of 15511?
5
What is the hundreds digit of 2303?
3
What is the thousands digit of 31641?
1
What is the ten thousands digit of 84954?
8
What is the thousands digit of 8900?
8
What is the units digit of 122?
2
What is the units digit of 826?
6
What is the thousands digit of 65969?
5
What is the tens digit of 1161?
6
What is the units digit of 8066?
6
What is the hundreds digit of 8694?
6
What is the hundreds digit of 361?
3
What is the hundreds digit of 1740?
7
What is the hundreds digit of 14043?
0
What is the units digit of 16148?
8
What is the units digit of 7730?
0
What is the thousands digit of 40290?
0
What is the ten thousands digit of 39498?
3
What is the hundreds digit of 25449?
4
What is the units digit of 26290?
0
What is the tens digit of 47540?
4
What is the tens digit of 993?
9
What is the tens digit of 76761?
6
What is the ten thousands digit of 114189?
1
What is the units digit of 4735?
5
What is the hundreds digit of 2875?
8
What is the hundreds digit of 1931?
9
What is the tens digit of 28247?
4
What is the units digit of 5955?
5
What is the tens digit of 1447?
4
What is the tens digit of 60?
6
What is the hundreds digit of 23705?
7
What is the ten thousands digit of 28797?
2
What is the tens digit of 2495?
9
What is the hundreds digit of 45531?
5
What is the tens digit of 391?
9
What is the ten thousands digit of 13455?
1
What is the units digit of 699?
9
What is the tens digit of 1800?
0
What is the tens digit of 133?
3
What is the units digit of 1599?
9
What is the hundreds digit of 612?
6
What is the units digit of 19759?
9
What is the thousands digit of 15054?
5
What is the units digit of 7400?
0
What is the tens digit of 1881?
8
What is the tens digit of 24416?
1
What is the units digit of 453?
3
What is the tens digit of 4724?
2
What is the units digit of 4550?
0
What is the tens digit of 17852?
5
What is the hundreds digit of 6876?
8
What is the tens digit of 19849?
4
What is the tens digit of 1064?
6
What is the tens digit of 1113?
1
What is the units digit of 111307?
7
What is the thousands digit of 78702?
8
What is the tens digit of 12791?
9
What is the thousands digit of 106821?
6
What is the units digit of 64?
4
What is the tens digit of 839?
3
What is the thousands digit of 1713?
1
What is the units digit of 3997?
7
What is the thousands digit of 4463?
4
What is the units digit of 49029?
9
What is the hundreds digit of 4678?
6
What is the hundreds digit of 1712?
7
What is the hundreds digit of 4257?
2
What is the 